68?
220
Calculate the remainder when 153983 is divided by 8506.
875
Calculate the remainder when 48237 is divided by 1557.
1527
What is the remainder when 6529143 is divided by 1695?
3
Calculate the remainder when 5608633 is divided by 6316.
25
Calculate the remainder when 362697 is divided by 366.
357
What is the remainder when 43151974 is divided by 4019?
3990
What is the remainder when 2384744 is divided by 1020?
1004
What is the remainder when 25182365 is divided by 5?
0
What is the remainder when 3730972 is divided by 162213?
73
What is the remainder when 77680569 is divided by 118?
107
Calculate the remainder when 1678582 is divided by 107.
73
Calculate the remainder when 8146167 is divided by 89.
86
What is the remainder when 149626 is divided by 2319?
1210
What is the remainder when 6986826 is divided by 36389?
138
Calculate the remainder when 393612 is divided by 25771.
7047
Calculate the remainder when 889815724 is divided by 54.
52
Calculate the remainder when 315211 is divided by 5093.
4538
What is the remainder when 14365112 is divided by 478835?
62
What is the remainder when 302498 is divided by 18?
8
Calculate the remainder when 8260217 is divided by 11868.
89
What is the remainder when 244923443 is divided by 87?
86
What is the remainder when 2342420 is divided by 1529?
1521
What is the remainder when 810036161 is divided by 51?
50
What is the remainder when 114397 is divided by 2542?
7
Calculate the remainder when 25330253 is divided by 78.
65
Calculate the remainder when 803211 is divided by 100400.
11
Calculate the remainder when 89689 is divided by 1135.
24
What is the remainder when 172692 is divided by 242?
146
What is the remainder when 172812724 is divided by 1413?
1411
What is the remainder when 1711716 is divided by 3350?
3216
Calculate the remainder when 2495688 is divided by 1976.
0
Calculate the remainder when 60550 is divided by 443.
302
Calculate the remainder when 129138 is divided by 5668.
4442
What is the remainder when 34611744 is divided by 3741?
12
Calculate the remainder when 166550 is divided by 32722.
2940
What is the remainder when 13420316 is divided by 60?
56
Calculate the remainder when 2786110 is divided by 153.
133
Calculate the remainder when 71969 is divided by 4891.
3495
Calculate the remainder when 42860 is divided by 183.
38
What is the remainder when 239784 is divided by 292?
52
Calculate the remainder when 1226628 is divided by 3894.
18
What is the remainder when 3409824 is divided by 6739?
6629
What is the remainder when 10439605 is divided by 336760?
45
What is the remainder when 337961 is divided by 3307?
647
Calculate the remainder when 216653 is divided by 108195.
263
Calculate the remainder when 32630860 is divided by 81.
10
What is the remainder when 2210653 is divided by 624?
445
Calculate the remainder when 42458717 is divided by 106.
99
What is the remainder when 241297967 is divided by 12?
11
Calculate the remainder when 83963 is divided by 11898.
677
What is the remainder when 292872826 is divided by 4941?
4933
Calculate the remainder when 2048708 is divided by 855.
128
What is the remainder when 678368 is divided by 169194?
1592
Calculate the remainder when 99311 is divided by 24697.
523
What is the remainder when 251952 is divided by 509?
506
Calculate the remainder when 188619399 is divided by 2613.
2607
Calculate the remainder when 22422 is divided by 10642.
1138
Calculate the remainder when 5656575 is divided by 1895.
0
Calculate the remainder when 19582918 is divided by 2797558.
12
What is the remainder when 1337467 is divided by 1337422?
45
Calculate the remainder when 17330229 is divided by 19516.
21
What is the remainder when 96141 is divided by 4870?
3611
Calculate the remainder when 62841 is divided by 1692.
237
Calculate the remainder when 7385920 is divided by 1794.
22
Calculate the remainder when 19420419 is divided by 277.
226
What is the remainder when 1279737 is divided by 31213?
4
What is the remainder when 105143 is divided by 102?
83
Calculate the remainder when 10507 is divided by 3683.
3141
What is the remainder when 3371740 is divided by 892?
872
Calculate the remainder when 10348542 is divided by 11.
6
What is the remainder when 5695290 is divided by 113897?
440
What is the remainder when 10862057 is divided by 1018?
1015
Calculate the remainder when 3558110 is divided by 316.
266
What is the remainder when 316089 is divided by 78537?
1941
What is the remainder when 101945129 is divided by 199?
16
Calculate the remainder when 15576377 is divided by 992.
985
Calculate the remainder when 25074 is divided by 4839.
879
Calculate the remainder when 596439 is divided by 149107.
11
Calculate the remainder when 200102 is divided by 741.
32
Calculate the remainder when 2135061 is divided by 3.
0
What is the remainder when 264880 is divided by 9526?
7678
What is the remainder when 379328 is divided by 209?
202
Calculate the remainder when 798325 is divided by 4485.
4480
Calculate the remainder when 1080098 is divided by 1024.
802
What is the remainder when 306893 is divided by 30?
23
Calculate the remainder when 3146664826 is divided by 6833.
6829
Calculate the remainder when 12003742 is divided by 1824.
1822
What is the remainder when 1071593 is divided by 2935?
318
What is the remainder when 14245962 is divided by 763?
752
What is the remainder when 181125 is divided by 1966?
253
What is the remainder when 54796940 is divided by 16?
12
What is the remainder when 1074467 is divided by 2869?
1461
What is the remainder when 48430 is divided by 3234?
3154
What is the remainder when 7645738 is divided by 283175?
13
Calculate the remainder when 12400288 is divided by 1771462.
54
What is the remainder when 140732859 is divided by 4531?
4530
What is the remainder when 182170 is divided by 3314?
3214
Calculate the remainder when 52934 is divided by 17634.
32
What is the remainder when 728262 is divided by 5418?
2250
What is the remainder when 7759688 is divided by 108?
104
Calculate the remainder when 4913437 is divided by 8620.
37
Calculate the remainder when 253127 is divided by 4285.
312
What is the remainder when 1592039 is divided by 2764?
2739
Calculate the remainder when 16223 is divided by 15111.
1112
What is the remainder when 45201927 is divided by 35314?
7
What is the remainder when 768606 is divided by 153700?
106
Calculate the remainder when 849779 is divided by 169939.
84
What is the remainder when 635058 is divided by 158?
56
What is the remainder when 17946271 is divided by 21753?
46
Calculate the remainder when 12498 is divided by 2622.
2010
What is the remainder when 3639222 is divided by 686?
678
What is the remainder when 72117 is divided by 1828?
825
What is the remainder when 772908 is divided by 30916?
8
What is the remainder when 442746 is divided by 34056?
18
What is the remainder when 39967596 is divided by 7465?
7451
Calculate the remainder when 87849 is divided by 3375.
99
What is the remainder when 2526488 is divided by 104?
16
What is the remainder when 996485 is divided by 15098?
17
What is the remainder when 326347 is divided by 58?
39
Calculate the remainder when 20222077 is divided by 43.
37
Calculate the remainder when 1872176 is divided by 8831.
4
What is the remainder when 672648 is divided by 340?
128
Calculate the remainder when 491889 is divided by 504.
489
What is the remainder when 198189 is divided by 11009?
27
What is the remainder when 9171044 is divided by 1285?
1284
What is the remainder when 92021672 is divided by 501?
497
Calculate the remainder when 69205131 is divided by 1465.
1461
What is the remainder when 1620426 is divided by 48?
42
Calculate the remainder when 408803 is divided by 429.
395
Calculate the remainder when 1554294 is divided by 18070.
274
What is the remainder when 18083449 is divided by 3616686?
19
What is the remainder when 92534 is divided by 27698?
9440
Calculate the remainder when 38506 is divided by 5479.
153
Calculate the remainder when 1241384 is divided by 881.
55
What is the remainder when 2270586 is divided by 1135291?
4
Calculate the remainder when 18235723 is divided by 955.
953
What is the remainder when 1237519 is divided by 42671?
60
Calculate the remainder when 745069 is divided by 24